5?
2
Evaluate (3 - 4) + 8 + -9.
-2
(3 + 0 - (-4 + 10)) + 1
-2
What is -14 + 15 - (-2 - -2)?
1
What is the value of -3 + (-1 + (4 - 5) - -1)?
-4
6 + 2 + (-6 - (-1 + 0))
3
What is 2 - ((-11 - 0) + 12)?
1
What is 2 - (0 - ((2 - -1) + -1))?
4
(13 + -4 - 19) + 17
7
What is the value of 7 + -2 - (81 - 78)?
2
Evaluate (2 - ((9 - 3) + 0)) + 3.
-1
What is (-7 + 2 - (-13 + 3)) + -5?
0
Evaluate -2 + 2 + -3 + 3 + 0.
0
What is (-6 - -19) + -4 - (4 + 0)?
5
Evaluate 5 + 1 - (-1 + 4).
3
(8 - 8) + 4 + 1
5
What is 2 + (-10 - -15) + -6?
1
-3 + 1 - (3 - 1)
-4
What is 1 + (-2 - 1 - 2)?
-4
What is (1 - (11 - 16)) + -12?
-6
What is 37 + -36 - (-5 + 1)?
5
What is the value of 3 + 2 + (-1 - (-5 - -7))?
2
What is the value of -6 + 5 - (6 - 4)?
-3
Calculate -1 - (4 + -4 + 3) - -6.
2
What is (-6 - -2) + 7 + -8?
-5
What is (-4 - -4) + -10 + 9?
-1
-1 + 2 + 2 + -5
-2
What is (1 - 2) + -2 + (-42 - -45)?
0
What is 9 - (-2 + 5 + 2)?
4
What is the value of 1 + -9 + (6 + -6 - -3)?
-5
-4 + 2 + -3 + 1 + 1
-3
What is the value of -5 + (-4 - -6 - 0)?
-3
11 + 10 - (9 + 2)
10
Evaluate -25 + 21 - (1 + 2 - -1).
-8
What is the value of 0 + 1 + -3 - (-20 - -16)?
2
What is -2 - -7 - (-8 + 5 - -9)?
-1
Evaluate 2 - (1 + -5 + 5 + 0).
1
(-10 + 13 - (0 + 10)) + 4
-3
Evaluate -1 + 9 + (10 - 13).
5
Calculate -2 - 12 - (-5 - 3).
-6
What is the value of 1 + (8 - 9) - 7?
-7
(9 - (22 - 8)) + -2 + 12
5
Calculate -5 - (2 + 4 + -12 + 5).
-4
What is the value of 1 + 5 + (-117 - -106)?
-5
What is -1 - (-5 - (-4 + 8 + -5))?
3
What is -5 + 1 + 3 + 0?
-1
(1 - 7 - -7) + (-6 - -1)
-4
What is (2 - 8) + (-11 + 13 - -13)?
9
Calculate -1 - 2 - (13 - (-5 - -16)).
-5
Calculate 2 - ((-17 - -11) + 12).
-4
Evaluate 7 + (0 - 1) - (166 + -164).
4
Calculate -5 + 4 + (7 - 4 - 4).
-2
What is -5 - (0 + (0 + -5 - -2))?
-2
Evaluate 3 - ((3 - -1) + 2) - -3.
0
-6 + 4 - 0 - (2 - 0)
-4
-2 + 0 + 2 + 1 + 2
3
(-2 - -3) + 2 - (0 + 7)
-4
What is the value of (-13 - 6) + 10 - (0 - 6)?
-3
-1 - -2 - (-5 + 2 + 2)
2
Calculate (14 - (27 - 11)) + 11.
9
What is the value of -9 + 6 - (-6 - 2)?
5
Calculate 3 + (-7 - -2) + 9.
7
What is (4 - 11) + 0 - 1?
-8
What is (5 + (-3 - -1) - 2) + -2?
-1
Evaluate 13 + -20 + 0 + 15 + 0.
8
-11 - (-5 - (1 - 0)) - 1
-6
Calculate 4 + -6 + -2 - -10.
6
What is the value of (-7 - (-7 - 10)) + -6?
4
Calculate 16 + -10 + 8 + -8.
6
8 - -1 - (-1 + 22 + -17)
5
What is the value of -5 + (-2 + 4 + 1 - 3)?
-5
Calculate 4 + 0 + 6 + 4 + -9.
5
2 - 1 - (-1 + 1 - 1)
2
What is the value of -20 - (7 - 21) - (-1 - 2)?
-3
What is 4 - ((13 - 8) + 4 - -5)?
-10
(4 - 0 - 2) + (1 - 5)
-2
What is 2 - (1 + -4 + 3 + -3)?
5
Evaluate -4 + (15 - 12) + (-7 - -2).
-6
Evaluate (0 - -3) + (-8 - (1 - 10)).
4
Evaluate (11 - 7) + (-2 - 5 - -2).
-1
3 + -5 - (-2 + 1)
-1
What is the value of -3 - (-3 + (2 - 10)) - 3?
5
Calculate 0 + -3 + (0 - -1) + -3.
-5
What is (-2 - -14) + -2 + -5 + -3?
2
2 - 1 - 7 - (-9 + 5)
-2
What is the value of 2 - (-3 - -2 - -4) - 1?
-2
Evaluate -2 + -4 + 0 + 9.
3
What is the value of (6 - 9) + (2 - 2)?
-3
What is -22 - -29 - (-2 + 1)?
8
Evaluate (-25 - -19) + (-4 - -8).
-2
4 - (-2 - ((-5 - 0) + 2))
3
What is 0 + 0 - (-2 - (4 + -2))?
4
What is (-1 - -3 - 4) + 8 + -12?
-6
Calculate -1 - 4 - (0 + -12 + 2).
5
What is (9 - 3) + (1 - 0) - 4?
3
Evaluate 5 + -2 + -6 + 4 + -2.
-1
What is the value of (-4 - -3) + 3 + 0 - 2?
0
-1 - (1 - (5 - 6))
-3
Calculate (0 - (5 - 0)) + (-8 - -6).
-7
0 + -6 + 3 + -7 + 6
-4
What is 8 - (-11 + 16 + 9)?
-6
(-4 - -11 - 0) + (-2 - 1)
4
Evaluate (-8 - -8) + -12 - -9.
-3
What is the value of 2 + (-2 + 7 - 2)?
5
What is the value of 2 + -8 + 8 + -4?
-2
2 - (-1 + 3 - -2)
-2
13 - (-1 - (-1 - (-1 - -6)))
8
Evaluate 0 + (3 - 8) + (-8 - -8).
-5
0 - (-1 + 2) - (48 + -49)
0
What is the value of -5 - -2 - -8 - 1?
4
Evaluate -5 - -9 - (-3 - -2).
5
What is 12 - (-2 - (5 + -9))?
10
What is the value of 8 - 4 - -3 - 8?
-1
What is the value of 2 + (-13 - -5) - (4 - 6)?
-4
What is the value of (-11 - (1 - 4)) + (-14 - -17)?
-5
What is (-2 + 2 - (0 - -1)) + 1?
0
Calculate -5 - (6 + 0 + -10 + 4).
-5
(5 + -6 - 4) + 6 - -2
3
What is the value of -3 + -1 + 6 + (-4 - -4)?
2
What is the value of -10 + 7 + -5 + 6 + -4?
-6
Calculate -4 + 5 + -7 + 4.
-2
Evaluate 0 + -8 - (-91 - -79).
4
(2 - 2) + (-20 - -17)
-3
-1 - (3 - 3) - (-5 + -2)
6
What is 0 - 6 - (-135 - -120)?
9
Calculate 2 + 3 + 0 - (7 - 1).
-1
Calculate 9 + -6 + -1 + -1.
1
Calculate -4 - (-5 + (3 + 7 - 6)).
-3
Evaluate 3 - (0 + -1 + (-1 - -2)).
3
What is the value of (3 - (8 - 3)) + 5?
3
Evaluate 9 + (-5 - -7) + -5 + -2.
4
What is the value of (5 - 14) + (2 - -2)?
-5
What is the value of -20 - -7 - (-2 - 22)?
11
What is the value of 3 - (1 - (-3 - -3))?
2
(-2 + 2 - -13) + -15
-2
Evaluate 32 - 38 - (-5 - (2 + -3)).
-2
Calculate -9 + (-5 - 0) + 8.
-6
Calculate (58 - 51) + (-1 - 6).
0
What is 3 + 3 + -6 + (-1 - -5)?
4
What is the value of -4 + (0 - -4) - 3?
-3
68 - 76 - (-1 - 9)
2
Calculate -5 + 4 + -6 + 0.
-7
Evaluate -11 + (4 - 1) + 4.
-4
What is the value of 1 - 0 - (4 - 4) - -1?
2
Calculate -17 + 11 + 1 + 3.
-2
3 - (1 - (3 + -8 - 0))
-3
Evaluate 5 + -3 - 1 - 4.
-3
What is the value of 22 + -17 + 0 + -8?
-3
What is the value of -2 + (3 - 0 - -2) + 0?
3
-27 + 26 + -1 + -1 + -2
-5
Evaluate -2 + 2 - (-3 + 7).
-4
Evaluate (0 - 3) + (-5 - (7 + -15)).
0
Calculate -1 + 4 + 2 + -17 + 12.
0
What is the value of 6 + -10 + 21 - 14?
3
5 + (2 - (-4 + 8))
3
5 - (6 + (1 - 0 - 1))
-1
Calculate (7 - -1) + (63 - 67).
4
Evaluate -3 - (-3 - (4 - 4)).
0
What is the value of 3 + (-12 - -8 - -2)?
1
What is -1 - (4 - (0 + (5 - 1)))?
-1
What is (-2 - 6) + (-72 - -83)?
3
What is the value of 1 + (5 - (-1 - (-3 + 1)))?
5
What is the value of -1 + -2 + 4 - 8 - 3?
-10
What is the value of 1 + 2 - -2 - 0?
5
-4 - (4 + -4 - 5) - -4
5
What is the value of 7 - (-8 + 14 + 1)?
0
What is 0 - 2 - (-10 + 2 - -1)?
5
(5 - 1) + (0 - (3 - 3))
4
What is the value of (-8 - 4 - -7) + -1?
-6
Evaluate -2 + 3 + (7 - 9).
-1
What is 0 + 0 + (-29 - -20)?
-9
What is 21 + -28 + (1 - 2 - -5)?
-3
-5 + -2 + 6 + 1 + -8
-8
What is 7 - 4 - 6 - -5?
2
Calculate (-3 - -2) + 5 + -1.
3
Calculate 1 - -4 - ((0 - -14) + -11).
2
What is -4 - (-8 + (6 - (-5 + 6)))?
-1
What is the value of 5 + (-1 - 2 - 0)?
2
Calculate 2 + -8 + (23 - 25).
-8
What is the value of (1 - (0 - 1)) + -3?
-1
What is (-1 - -8) + (-1 - 4)?
2
What is the value of 3 - 1 - (-3 + (-5 - -16))?
-6
1 + -1 + -2 + (-7 - -10)
1
Calculate -11 + (7 - 5) - -3.
-6
What is the value of 1 - -1 - 2 - 1?
-1
6 + (-7 - 11) + 7
-5
Evaluate 53 + -68 + (-1 - -9).
-7
What is the value of (-6 + -2 - -6) + 2?
0
Calculate 4 - 9 - -6 - 0.
1
What is the value of 10 - 10 - (-4 - 1)?
5
Calculate 6 - (0 + (11 - 5)).
0
What is the value of 1 - (7 + (-1 - -1) + -3)?
-3
What is the value of -5 - -2 - -1 - -1?
-1
What is 5 + (-4 - 1 - (4 + -1))?
-3
Calculate -8 - (4 + -8 - 10).
6
-10 - -4 - (-2 - 4) - 0
0
What is the value of (3 - 7) + 9 + (-1 - 3)?
1
Calculate 0 + 3 + (-2 - -1).
2
What is the value of -6 + (1 - -3) + 4?
2
4 + -7 + 5 - (3 + -8)
7
Evaluate (-5 - -6) + -10 + 11.
2
What is (0 - -4) + (-13 - -2) + 5?
-2
8 - 17 - (-16 - -6)
1
Evaluate (6 - 0) + (0 - 8 - -7).
5
What is the value of -1 + -10 + 7 + 11 + 0?
7
6 + -7 + 4 - 3
0
Evaluate 2 + 4 + -5 - 7.
-6
(-23 - -20 - (0 - 9)) + 0
6
Calculate 2 - ((-3 - (3 - 6)) + 6).
-4
Evaluate 5 - ((-3 - 1 - 0) + 5).
4
Evaluate 9 + (5 - 28 - -9).
-5
What is -1 - 2 - ((-9 - -25) + -14)?
-5
What is the value of 2 + 8 + 0 + -11?
-1
What is the value of -13 - -23 - (1 - -3)?
6
What is the value of -13 + 1 + -1 - (49 + -55)?
-7
What is the value of (-5 - (-3 + -4)) + (-7 - 0)?
-5
(-2 + (-4 - -3) - -1) + 0
-2
-11 + 4 - (0 + -3)
-4
What is the value of 1 + (2 - (-5 + 8))?
0
Evaluate -1 + 6 - (26 - 26).
5
Calculate -13 + (3 - (-15 - -10)).
-5
Evaluate 3 + -2 + (5 - 11).
-5
What is 1 + -5 + 2 + 2?
0
(-3 - 2) + (-5 - -8 - 3)
-5
What is -4 + 16 + (-13 - -9)?
8
What is the value of -12 + (1 - 13) + 24?
0
Evaluate -4 + (-6 - (5 - 10)).
-5
-99 - -102 - (1 + -3 + 6)
-1
(2 - 4) + (4 - -2) + -1
3
Evaluate -3 - -4 - (1 + 1 + -4).
3
What is the value of 58 + -51 + (3 - 14)?
-4
What is 4 - ((6 - 3 - -2) + 1)?
-2
(1 - (2 - 5)) + 0
4
6 - (1 + 3 - 0)
2
What is the value of 2 + (-2 - ((3 - 7) + 2))?
2
7 + 3 + -3 + -3
4
What is 10 + 0 + -36 + 33?
7
What is the value of -1 + -2 + -